{"id":1185,"date":"2021-04-08T11:48:00","date_gmt":"2021-04-08T10:48:00","guid":{"rendered":"http:\/\/www.tcchevalblanc.be\/?page_id=1185"},"modified":"2021-04-08T12:07:06","modified_gmt":"2021-04-08T11:07:06","slug":"test","status":"publish","type":"page","link":"https:\/\/www.tcchevalblanc.be\/?page_id=1185","title":{"rendered":"Tennisonline"},"content":{"rendered":"\n<p>Pour la r\u00e9servation des terrains, le Tennis Club du Cheval Blanc a opt\u00e9 pour&nbsp;<a href=\"https:\/\/tennisonline.biz\/fr\/home\">www.tennisonline.biz<\/a>. Cette solution en ligne est tr\u00e8s simple et intuitive. Vous avez seulement besoin :<\/p>\n\n\n\n<ul class=\"wp-block-list\"><li>d\u2019<strong>un<\/strong>&nbsp;<strong>pc<\/strong>,&nbsp;<strong>une<\/strong>&nbsp;<strong>tablette<\/strong>&nbsp;ou&nbsp;<strong>un smartphone<\/strong><\/li><li>d\u2019&nbsp;<strong>une<\/strong>&nbsp;<strong>connexion internet<\/strong><\/li><li>de&nbsp;<strong>votre<\/strong>&nbsp;<strong>num\u00e9ro d\u2019affiliation<\/strong>&nbsp;(Si vous ne le connaissez pas, vous pouvez le trouver sur&nbsp;<a href=\"http:\/\/www.aftnet.be\/MyAFT\/Players\/Search\">le site de l\u2019AFT<\/a>).<\/li><li>de&nbsp;<strong>votre<\/strong>&nbsp;<strong>mot de passe<\/strong>. Par d\u00e9faut, il correspond \u00e0 votre jour et votre mois de naissance (exemples : 3101 si vous \u00eates n\u00e9 un 31 janvier et 0906 si vous \u00eates n\u00e9 un 9 juin). Nous vous encourageons \u00e0 le modifier ainsi qu\u2019\u00e0 mettre \u00e0 jour vos coordonn\u00e9es via l\u2019onglet \u00abMon Profil\u00bb d\u00e8s votre premi\u00e8re connexion sur ce site.<\/li><\/ul>\n\n\n\n<p><strong>Pour qui ?<\/strong><br>Tous les membres du club peuvent voir, en temps r\u00e9el, quels sont les terrains disponibles et qui joue avec qui. <strong>Par contre, seuls les membres en ordre de\u00a0<a href=\"http:\/\/www.tcchevalblanc.be\/?page_id=34\">cotisation<\/a>\u00a0peuvent r\u00e9server<\/strong> des terrains. La mise \u00e0 jour n&rsquo;\u00e9tant pas automatis\u00e9e, comptez un d\u00e9lai maximum de 3 jours ouvrables entre le paiement de votre cotisation et le d\u00e9blocage dans tennisonline.  <\/p>\n\n\n\n<p><strong>Quels terrains ?<\/strong><br>Les 3 terrains en red et le mini-tennis sont r\u00e9servables du 01\/04 au 31\/03 de l\u2019ann\u00e9e suivante tandis que les 6 terrains en brique sont uniquement r\u00e9servables pendant la saison d\u2019\u00e9t\u00e9 (de mi-avril \u00e0 d\u00e9but octobre). Notez toutefois que certains terrains sont r\u00e9serv\u00e9s par le club pour l\u2019organisation des cours et des comp\u00e9titions.<\/p>\n\n\n\n<p><strong>Comment faire en pratique ?<\/strong><br>Apr\u00e8s s\u2019\u00eatre identifi\u00e9 avec votre num\u00e9ro d\u2019affiliation et votre mot de passe, vous pouvez r\u00e9server deux plages horaires \u00e0 la fois dans un horizon de maximum 7 jours calendrier. Pour faire une r\u00e9servation, vous devez cliquer dans le ruban orange sur le jour souhait\u00e9.<\/p>\n\n\n\n<figure class=\"wp-block-image\"><img decoding=\"async\" src=\"http:\/\/www.tcchevalblanc.be\/wp-content\/uploads\/2020\/04\/R%C3%A9servationonline-1024x344.png\" alt=\"\" class=\"wp-image-1054\"\/><\/figure>\n\n\n\n<p><br>Ensuite, s\u00e9lectionnez dans l\u2019<strong>onglet \u00ab Brique \u00bb ou \u00ab Red Court \u00bb<\/strong>&nbsp;le terrain libre \u00e0 la plage horaire qui vous int\u00e9resse. Vous devez obligatoirement mentionner le nom de votre partenaire de jeu. Cliquez enfin sur le bouton<br>\u00ab R\u00e9server \u00bb. Et c\u2019est r\u00e9gl\u00e9 !<\/p>\n\n\n\n<figure class=\"wp-block-image\"><img decoding=\"async\" src=\"http:\/\/www.tcchevalblanc.be\/wp-content\/uploads\/2020\/04\/R%C3%A9servationonline-1.png\" alt=\"\" class=\"wp-image-1056\"\/><\/figure>\n\n\n\n<p>Il vous est \u00e0 tout moment possible de modifier ou annuler la r\u00e9servation. Le syst\u00e8me vous enverra un mail de confirmation lors de chaque r\u00e9servation, modification ou annulation (attention \u00e0 bien v\u00e9rifier vos courriers ind\u00e9sirables). <\/p>\n\n\n\n<p><strong>Encore des questions ou remarques ?<\/strong><br>Tennisonline est un syst\u00e8me simple et tr\u00e8s intuitif mais nous restons \u00e0 votre disposition si vous rencontrez des difficult\u00e9s. N\u2019h\u00e9sitez donc pas \u00e0 nous adresser vos suggestions ou questions \u00e0 l\u2019adresse suivante : secretaire.tccb@gmail.com. <\/p>\n","protected":false},"excerpt":{"rendered":"<p>Pour la r\u00e9servation des terrains, le Tennis Club du Cheval Blanc a opt\u00e9 pour&nbsp;www.tennisonline.biz. Cette solution en ligne est tr\u00e8s simple et intuitive. Vous avez seulement besoin : d\u2019un&nbsp;pc,&nbsp;une&nbsp;tablette&nbsp;ou&nbsp;un smartphone d\u2019&nbsp;une&nbsp;connexion internet de&nbsp;votre&nbsp;num\u00e9ro d\u2019affiliation&nbsp;(Si vous ne le connaissez pas, vous pouvez le trouver sur&nbsp;le site de l\u2019AFT). de&nbsp;votre&nbsp;mot de passe. Par d\u00e9faut, il correspond \u00e0 &hellip; <a href=\"https:\/\/www.tcchevalblanc.be\/?page_id=1185\" class=\"more-link\">Continuer la lecture de <span class=\"screen-reader-text\">Tennisonline<\/span>  <span class=\"meta-nav\">&rarr;<\/span><\/a><\/p>\n","protected":false},"author":2,"featured_media":0,"parent":0,"menu_order":0,"comment_status":"closed","ping_status":"open","template":"","meta":{"footnotes":""},"class_list":["post-1185","page","type-page","status-publish","hentry"],"_links":{"self":[{"href":"https:\/\/www.tcchevalblanc.be\/index.php?rest_route=\/wp\/v2\/pages\/1185","targetHints":{"allow":["GET"]}}],"collection":[{"href":"https:\/\/www.tcchevalblanc.be\/index.php?rest_route=\/wp\/v2\/pages"}],"about":[{"href":"https:\/\/www.tcchevalblanc.be\/index.php?rest_route=\/wp\/v2\/types\/page"}],"author":[{"embeddable":true,"href":"https:\/\/www.tcchevalblanc.be\/index.php?rest_route=\/wp\/v2\/users\/2"}],"replies":[{"embeddable":true,"href":"https:\/\/www.tcchevalblanc.be\/index.php?rest_route=%2Fwp%2Fv2%2Fcomments&post=1185"}],"version-history":[{"count":5,"href":"https:\/\/www.tcchevalblanc.be\/index.php?rest_route=\/wp\/v2\/pages\/1185\/revisions"}],"predecessor-version":[{"id":1192,"href":"https:\/\/www.tcchevalblanc.be\/index.php?rest_route=\/wp\/v2\/pages\/1185\/revisions\/1192"}],"wp:attachment":[{"href":"https:\/\/www.tcchevalblanc.be\/index.php?rest_route=%2Fwp%2Fv2%2Fmedia&parent=1185"}],"curies":[{"name":"wp","href":"https:\/\/api.w.org\/{rel}","templated":true}]}}