{"id":1410,"date":"2022-03-17T15:27:08","date_gmt":"2022-03-17T14:27:08","guid":{"rendered":"http:\/\/www.tcchevalblanc.be\/?page_id=1410"},"modified":"2022-03-18T17:14:37","modified_gmt":"2022-03-18T16:14:37","slug":"reserver-des-terrains","status":"publish","type":"page","link":"https:\/\/www.tcchevalblanc.be\/?page_id=1410","title":{"rendered":"R\u00e9server des terrains"},"content":{"rendered":"\n<p><strong>Les membres en ordre de cotisation<\/strong> peuvent r\u00e9server des terrains via <a href=\"https:\/\/aft.iclub.be\/loginmembres.asp\">Mon club AFT<\/a>. Pour vous <a href=\"http:\/\/www.tcchevalblanc.be\/?page_id=1413\">connecter<\/a> \u00e0 cette application, votre profil utilisateur doit \u00eatre configur\u00e9. Si ce n&rsquo;est pas encore le cas, veuillez consulter notre page <a href=\"http:\/\/www.tcchevalblanc.be\/?page_id=1435\">configurer un profil utilisateur<\/a>.<\/p>\n\n\n\n<h3 class=\"wp-block-heading\"><strong>Les r\u00e8gles de r\u00e9servation<\/strong><\/h3>\n\n\n\n<p><strong>L&rsquo;application est configur\u00e9e sur base des r\u00e8gles suivantes : <\/strong><\/p>\n\n\n\n<ul class=\"wp-block-list\"><li><strong>les r\u00e9servations sont possibles dans un horizon limit\u00e9 \u00e0 15 jours dans le futur.<\/strong><\/li><li><strong>chaque membre peut planifier au maximum 2 plages d&rsquo;une heure mais pas le m\u00eame jour. <\/strong><\/li><li><strong>une nouvelle plage d&rsquo;une heure peut \u00eatre planifi\u00e9e d\u00e8s qu&rsquo;une des 2 plages r\u00e9serv\u00e9es se situe dans le pass\u00e9.<\/strong><\/li><\/ul>\n\n\n\n<h3 class=\"wp-block-heading\"> Comment r\u00e9server un terrain ?<\/h3>\n\n\n\n<p>Dans le menu principal situ\u00e9 \u00e0 gauche de la page d&rsquo;accueil, <strong>cliquez sur  \u00ab\u00a0Mes r\u00e9servations\u00a0\u00bb<\/strong>.<\/p>\n\n\n\n<figure class=\"wp-block-image is-resized\"><img loading=\"lazy\" decoding=\"async\" src=\"http:\/\/www.tcchevalblanc.be\/wp-content\/uploads\/2022\/03\/image-26-1024x405.png\" alt=\"\" class=\"wp-image-1485\" width=\"512\" height=\"202\" srcset=\"https:\/\/www.tcchevalblanc.be\/wp-content\/uploads\/2022\/03\/image-26-1024x405.png 1024w, https:\/\/www.tcchevalblanc.be\/wp-content\/uploads\/2022\/03\/image-26-300x119.png 300w, https:\/\/www.tcchevalblanc.be\/wp-content\/uploads\/2022\/03\/image-26-768x304.png 768w, https:\/\/www.tcchevalblanc.be\/wp-content\/uploads\/2022\/03\/image-26.png 1064w\" sizes=\"auto, (max-width: 512px) 100vw, 512px\" \/><\/figure>\n\n\n\n<p><strong>Cliquez sur le bouton \u00ab\u00a0+Nouvelle r\u00e9servation\u00a0\u00bb<\/strong>. <\/p>\n\n\n\n<p><\/p>\n\n\n\n<figure class=\"wp-block-image is-resized\"><img loading=\"lazy\" decoding=\"async\" src=\"http:\/\/www.tcchevalblanc.be\/wp-content\/uploads\/2022\/03\/image-35-1024x410.png\" alt=\"\" class=\"wp-image-1524\" width=\"500\" height=\"200\" srcset=\"https:\/\/www.tcchevalblanc.be\/wp-content\/uploads\/2022\/03\/image-35-1024x410.png 1024w, https:\/\/www.tcchevalblanc.be\/wp-content\/uploads\/2022\/03\/image-35-300x120.png 300w, https:\/\/www.tcchevalblanc.be\/wp-content\/uploads\/2022\/03\/image-35-768x307.png 768w, https:\/\/www.tcchevalblanc.be\/wp-content\/uploads\/2022\/03\/image-35.png 1064w\" sizes=\"auto, (max-width: 500px) 100vw, 500px\" \/><figcaption>Les \u00e9ventuelles r\u00e9servations en cours sont \u00e9galement affich\u00e9es sur cette page.<br><\/figcaption><\/figure>\n\n\n\n<p>En cliquant sur l&rsquo;onglet orange situ\u00e9 dans le coin sup\u00e9rieur gauche de l&rsquo;\u00e9cran, un calendrier apparait \u00e0 l&rsquo;\u00e9cran. S\u00e9lectionnez la date \u00e0 laquelle vous souhaitez r\u00e9server un terrain, dans un horizon limit\u00e9 \u00e0 15 jours dans le futur. <\/p>\n\n\n\n<p><\/p>\n\n\n\n<figure class=\"wp-block-image is-resized\"><img loading=\"lazy\" decoding=\"async\" src=\"http:\/\/www.tcchevalblanc.be\/wp-content\/uploads\/2022\/03\/image-36-1024x502.png\" alt=\"\" class=\"wp-image-1525\" width=\"519\" height=\"254\" srcset=\"https:\/\/www.tcchevalblanc.be\/wp-content\/uploads\/2022\/03\/image-36-1024x502.png 1024w, https:\/\/www.tcchevalblanc.be\/wp-content\/uploads\/2022\/03\/image-36-300x147.png 300w, https:\/\/www.tcchevalblanc.be\/wp-content\/uploads\/2022\/03\/image-36-768x376.png 768w, https:\/\/www.tcchevalblanc.be\/wp-content\/uploads\/2022\/03\/image-36.png 1913w\" sizes=\"auto, (max-width: 519px) 100vw, 519px\" \/><\/figure>\n\n\n\n<p>Les plages horaire non disponibles apparaissent en bleu fonc\u00e9. Cliquez sur la plage horaire libre du terrain qui vous int\u00e9resse. L&rsquo;\u00e9cran \u00ab\u00a0Nouvelle r\u00e9servation Tennis\u00a0\u00bb affiche alors le terrain, la date et la plage horaire choisis. Vous devez s\u00e9lectionner le type de partie : 2 joueurs ou 4 joueurs. <\/p>\n\n\n\n<p>Remarque : Un bouton \u00ab\u00a0PLANNING\u00a0\u00bb vous permet \u00e0 chaque \u00e9tape de la r\u00e9servation de revenir sur vos choix pr\u00e9c\u00e9dents. <\/p>\n\n\n\n<figure class=\"wp-block-image is-resized\"><img loading=\"lazy\" decoding=\"async\" src=\"http:\/\/www.tcchevalblanc.be\/wp-content\/uploads\/2022\/03\/image-37-1024x431.png\" alt=\"\" class=\"wp-image-1526\" width=\"565\" height=\"238\" srcset=\"https:\/\/www.tcchevalblanc.be\/wp-content\/uploads\/2022\/03\/image-37-1024x431.png 1024w, https:\/\/www.tcchevalblanc.be\/wp-content\/uploads\/2022\/03\/image-37-300x126.png 300w, https:\/\/www.tcchevalblanc.be\/wp-content\/uploads\/2022\/03\/image-37-768x323.png 768w, https:\/\/www.tcchevalblanc.be\/wp-content\/uploads\/2022\/03\/image-37.png 1070w\" sizes=\"auto, (max-width: 565px) 100vw, 565px\" \/><\/figure>\n\n\n\n<p>Apr\u00e8s avoir choisi le type de partie, <strong>s\u00e9lectionnez les joueurs<\/strong> concern\u00e9s. A cet effet, utilisez le moteur de recherche qui reprend l&rsquo;ensemble des membres du club. <strong>Cliquez<\/strong> ensuite sur le bouton \u00ab\u00a0<strong>Etape suivante<\/strong>\u00a0\u00bb <\/p>\n\n\n\n<figure class=\"wp-block-image\"><img loading=\"lazy\" decoding=\"async\" width=\"1024\" height=\"458\" src=\"http:\/\/www.tcchevalblanc.be\/wp-content\/uploads\/2022\/03\/image-39-1024x458.png\" alt=\"\" class=\"wp-image-1528\" srcset=\"https:\/\/www.tcchevalblanc.be\/wp-content\/uploads\/2022\/03\/image-39-1024x458.png 1024w, https:\/\/www.tcchevalblanc.be\/wp-content\/uploads\/2022\/03\/image-39-300x134.png 300w, https:\/\/www.tcchevalblanc.be\/wp-content\/uploads\/2022\/03\/image-39-768x344.png 768w, https:\/\/www.tcchevalblanc.be\/wp-content\/uploads\/2022\/03\/image-39.png 1046w\" sizes=\"auto, (max-width: 1024px) 100vw, 1024px\" \/><\/figure>\n\n\n\n<p>Cliquez enfin sur \u00ab\u00a0Je confirme ma r\u00e9servation\u00a0\u00bb. Les joueurs concern\u00e9s recevront une notification par mail.<\/p>\n\n\n\n<figure class=\"wp-block-image\"><img loading=\"lazy\" decoding=\"async\" width=\"1024\" height=\"583\" src=\"http:\/\/www.tcchevalblanc.be\/wp-content\/uploads\/2022\/03\/image-40-1024x583.png\" alt=\"\" class=\"wp-image-1530\" srcset=\"https:\/\/www.tcchevalblanc.be\/wp-content\/uploads\/2022\/03\/image-40-1024x583.png 1024w, https:\/\/www.tcchevalblanc.be\/wp-content\/uploads\/2022\/03\/image-40-300x171.png 300w, https:\/\/www.tcchevalblanc.be\/wp-content\/uploads\/2022\/03\/image-40-768x437.png 768w, https:\/\/www.tcchevalblanc.be\/wp-content\/uploads\/2022\/03\/image-40.png 1056w\" sizes=\"auto, (max-width: 1024px) 100vw, 1024px\" \/><\/figure>\n\n\n\n<p>Votre r\u00e9servation est enregistr\u00e9e. N&rsquo;oubliez pas d&rsquo;annuler votre r\u00e9servation si vous ne souhaitez plus jouer \u00e0 ce moment-l\u00e0.<\/p>\n\n\n\n<p>Bon amusement !<br> <\/p>\n","protected":false},"excerpt":{"rendered":"<p>Les membres en ordre de cotisation peuvent r\u00e9server des terrains via Mon club AFT. Pour vous connecter \u00e0 cette application, votre profil utilisateur doit \u00eatre configur\u00e9. Si ce n&rsquo;est pas encore le cas, veuillez consulter notre page configurer un profil utilisateur. Les r\u00e8gles de r\u00e9servation L&rsquo;application est configur\u00e9e sur base des r\u00e8gles suivantes : les &hellip; <a href=\"https:\/\/www.tcchevalblanc.be\/?page_id=1410\" class=\"more-link\">Continuer la lecture de <span class=\"screen-reader-text\">R\u00e9server des terrains<\/span>  <span class=\"meta-nav\">&rarr;<\/span><\/a><\/p>\n","protected":false},"author":2,"featured_media":0,"parent":0,"menu_order":0,"comment_status":"closed","ping_status":"open","template":"","meta":{"footnotes":""},"class_list":["post-1410","page","type-page","status-publish","hentry"],"_links":{"self":[{"href":"https:\/\/www.tcchevalblanc.be\/index.php?rest_route=\/wp\/v2\/pages\/1410","targetHints":{"allow":["GET"]}}],"collection":[{"href":"https:\/\/www.tcchevalblanc.be\/index.php?rest_route=\/wp\/v2\/pages"}],"about":[{"href":"https:\/\/www.tcchevalblanc.be\/index.php?rest_route=\/wp\/v2\/types\/page"}],"author":[{"embeddable":true,"href":"https:\/\/www.tcchevalblanc.be\/index.php?rest_route=\/wp\/v2\/users\/2"}],"replies":[{"embeddable":true,"href":"https:\/\/www.tcchevalblanc.be\/index.php?rest_route=%2Fwp%2Fv2%2Fcomments&post=1410"}],"version-history":[{"count":23,"href":"https:\/\/www.tcchevalblanc.be\/index.php?rest_route=\/wp\/v2\/pages\/1410\/revisions"}],"predecessor-version":[{"id":1549,"href":"https:\/\/www.tcchevalblanc.be\/index.php?rest_route=\/wp\/v2\/pages\/1410\/revisions\/1549"}],"wp:attachment":[{"href":"https:\/\/www.tcchevalblanc.be\/index.php?rest_route=%2Fwp%2Fv2%2Fmedia&parent=1410"}],"curies":[{"name":"wp","href":"https:\/\/api.w.org\/{rel}","templated":true}]}}