{"id":24,"date":"2014-05-20T12:05:04","date_gmt":"2014-05-20T11:05:04","guid":{"rendered":"http:\/\/www.tcchevalblanc.be?page_id=24"},"modified":"2025-04-25T10:58:09","modified_gmt":"2025-04-25T09:58:09","slug":"le-comite","status":"publish","type":"page","link":"https:\/\/www.tcchevalblanc.be\/?page_id=24","title":{"rendered":"Le comit\u00e9"},"content":{"rendered":"\n<p>Le Tennis Club du Cheval Blanc est une asbl administr\u00e9e par un organe d&rsquo;administration. Conform\u00e9ment aux <a href=\"https:\/\/www.ejustice.just.fgov.be\/cgi_tsv\/tsv_rech.pl?language=fr&amp;btw=0420602985&amp;liste=Liste\">statuts de l&rsquo;association<\/a>, les administrateurs sont \u00e9lus par l&rsquo;Assembl\u00e9e G\u00e9n\u00e9rale pour une dur\u00e9e de 3 ans, renouvelable. L&rsquo;organe d&rsquo;administration ou \u00ab\u00a0Comit\u00e9\u00a0\u00bb est actuellement compos\u00e9 de 10 administrateurs qui se r\u00e9unissent au minimum une fois par mois pour g\u00e9rer toutes les affaires du club.<\/p>\n\n\n<div id='gallery-1' class='gallery galleryid-24 gallery-columns-5 gallery-size-thumbnail'><figure class='gallery-item'>\n\t\t\t<div class='gallery-icon portrait'>\n\t\t\t\t<a href='https:\/\/www.tcchevalblanc.be\/?attachment_id=1946'><img loading=\"lazy\" decoding=\"async\" width=\"150\" height=\"150\" src=\"https:\/\/www.tcchevalblanc.be\/wp-content\/uploads\/2025\/04\/Patrice-Colette-150x150.jpg\" class=\"attachment-thumbnail size-thumbnail\" alt=\"\" aria-describedby=\"gallery-1-1946\" \/><\/a>\n\t\t\t<\/div>\n\t\t\t\t<figcaption class='wp-caption-text gallery-caption' id='gallery-1-1946'>\n\t\t\t\tPatrice Collette, Pr\u00e9sident\n\t\t\t\t<\/figcaption><\/figure><figure class='gallery-item'>\n\t\t\t<div class='gallery-icon portrait'>\n\t\t\t\t<a href='https:\/\/www.tcchevalblanc.be\/?attachment_id=1958'><img loading=\"lazy\" decoding=\"async\" width=\"150\" height=\"150\" src=\"https:\/\/www.tcchevalblanc.be\/wp-content\/uploads\/2025\/04\/Jean-Paul-Jacquemin-150x150.jpg\" class=\"attachment-thumbnail size-thumbnail\" alt=\"\" aria-describedby=\"gallery-1-1958\" \/><\/a>\n\t\t\t<\/div>\n\t\t\t\t<figcaption class='wp-caption-text gallery-caption' id='gallery-1-1958'>\n\t\t\t\tJean-Paul Jacquemin, Tr\u00e9sorier\n\t\t\t\t<\/figcaption><\/figure><figure class='gallery-item'>\n\t\t\t<div class='gallery-icon portrait'>\n\t\t\t\t<a href='https:\/\/www.tcchevalblanc.be\/?attachment_id=1924'><img loading=\"lazy\" decoding=\"async\" width=\"150\" height=\"150\" src=\"https:\/\/www.tcchevalblanc.be\/wp-content\/uploads\/2025\/04\/Olivier-Leroy-150x150.jpg\" class=\"attachment-thumbnail size-thumbnail\" alt=\"\" aria-describedby=\"gallery-1-1924\" \/><\/a>\n\t\t\t<\/div>\n\t\t\t\t<figcaption class='wp-caption-text gallery-caption' id='gallery-1-1924'>\n\t\t\t\tOlivier Leroy, Secr\u00e9taire et Vice-Pr\u00e9sident\n\t\t\t\t<\/figcaption><\/figure><figure class='gallery-item'>\n\t\t\t<div class='gallery-icon landscape'>\n\t\t\t\t<a href='https:\/\/www.tcchevalblanc.be\/?attachment_id=1955'><img loading=\"lazy\" decoding=\"async\" width=\"150\" height=\"150\" src=\"https:\/\/www.tcchevalblanc.be\/wp-content\/uploads\/2025\/04\/Xavier-Botterman-3-150x150.jpg\" class=\"attachment-thumbnail size-thumbnail\" alt=\"\" aria-describedby=\"gallery-1-1955\" \/><\/a>\n\t\t\t<\/div>\n\t\t\t\t<figcaption class='wp-caption-text gallery-caption' id='gallery-1-1955'>\n\t\t\t\tXavier Botterman, Secr\u00e9taire adjoint\n\t\t\t\t<\/figcaption><\/figure><figure class='gallery-item'>\n\t\t\t<div class='gallery-icon portrait'>\n\t\t\t\t<a href='https:\/\/www.tcchevalblanc.be\/?attachment_id=1934'><img loading=\"lazy\" decoding=\"async\" width=\"150\" height=\"150\" src=\"https:\/\/www.tcchevalblanc.be\/wp-content\/uploads\/2025\/04\/Anne-Cuvelier-1-150x150.jpg\" class=\"attachment-thumbnail size-thumbnail\" alt=\"\" aria-describedby=\"gallery-1-1934\" \/><\/a>\n\t\t\t<\/div>\n\t\t\t\t<figcaption class='wp-caption-text gallery-caption' id='gallery-1-1934'>\n\t\t\t\tAnne Cuvelier, Fun Team\n\t\t\t\t<\/figcaption><\/figure><figure class='gallery-item'>\n\t\t\t<div class='gallery-icon portrait'>\n\t\t\t\t<a href='https:\/\/www.tcchevalblanc.be\/?attachment_id=1938'><img loading=\"lazy\" decoding=\"async\" width=\"150\" height=\"150\" src=\"https:\/\/www.tcchevalblanc.be\/wp-content\/uploads\/2025\/04\/Laurent-Jadot-1-150x150.jpg\" class=\"attachment-thumbnail size-thumbnail\" alt=\"\" aria-describedby=\"gallery-1-1938\" \/><\/a>\n\t\t\t<\/div>\n\t\t\t\t<figcaption class='wp-caption-text gallery-caption' id='gallery-1-1938'>\n\t\t\t\tLaurent Jadot, Responsable technique\n\t\t\t\t<\/figcaption><\/figure><figure class='gallery-item'>\n\t\t\t<div class='gallery-icon portrait'>\n\t\t\t\t<a href='https:\/\/www.tcchevalblanc.be\/?attachment_id=1950'><img loading=\"lazy\" decoding=\"async\" width=\"150\" height=\"150\" src=\"https:\/\/www.tcchevalblanc.be\/wp-content\/uploads\/2025\/04\/Marie-Noelle-Grosdent-150x150.jpg\" class=\"attachment-thumbnail size-thumbnail\" alt=\"\" aria-describedby=\"gallery-1-1950\" \/><\/a>\n\t\t\t<\/div>\n\t\t\t\t<figcaption class='wp-caption-text gallery-caption' id='gallery-1-1950'>\n\t\t\t\tMarie-No\u00eblle Grosdent, Ambassadrice Tennis f\u00e9minin\n\t\t\t\t<\/figcaption><\/figure><figure class='gallery-item'>\n\t\t\t<div class='gallery-icon portrait'>\n\t\t\t\t<a href='https:\/\/www.tcchevalblanc.be\/?attachment_id=1948'><img loading=\"lazy\" decoding=\"async\" width=\"150\" height=\"150\" src=\"https:\/\/www.tcchevalblanc.be\/wp-content\/uploads\/2025\/04\/Simon-Geron-150x150.jpg\" class=\"attachment-thumbnail size-thumbnail\" alt=\"\" aria-describedby=\"gallery-1-1948\" \/><\/a>\n\t\t\t<\/div>\n\t\t\t\t<figcaption class='wp-caption-text gallery-caption' id='gallery-1-1948'>\n\t\t\t\tSimon Geron, Responsable sportif\n\t\t\t\t<\/figcaption><\/figure><figure class='gallery-item'>\n\t\t\t<div class='gallery-icon portrait'>\n\t\t\t\t<a href='https:\/\/www.tcchevalblanc.be\/?attachment_id=1951'><img loading=\"lazy\" decoding=\"async\" width=\"150\" height=\"150\" src=\"https:\/\/www.tcchevalblanc.be\/wp-content\/uploads\/2025\/04\/Stephane-Widart-150x150.jpg\" class=\"attachment-thumbnail size-thumbnail\" alt=\"\" aria-describedby=\"gallery-1-1951\" \/><\/a>\n\t\t\t<\/div>\n\t\t\t\t<figcaption class='wp-caption-text gallery-caption' id='gallery-1-1951'>\n\t\t\t\tSt\u00e9phane Widart, Responsable Sponsoring\n\t\t\t\t<\/figcaption><\/figure><figure class='gallery-item'>\n\t\t\t<div class='gallery-icon portrait'>\n\t\t\t\t<a href='https:\/\/www.tcchevalblanc.be\/?attachment_id=1960'><img loading=\"lazy\" decoding=\"async\" width=\"150\" height=\"150\" src=\"https:\/\/www.tcchevalblanc.be\/wp-content\/uploads\/2025\/04\/Laurence-Davia-1-150x150.jpg\" class=\"attachment-thumbnail size-thumbnail\" alt=\"\" aria-describedby=\"gallery-1-1960\" \/><\/a>\n\t\t\t<\/div>\n\t\t\t\t<figcaption class='wp-caption-text gallery-caption' id='gallery-1-1960'>\n\t\t\t\tLaurence Da Via, Responsable Communication et \u00e9v\u00e8nements\n\t\t\t\t<\/figcaption><\/figure>\n\t\t<\/div>\n\n\n\n<p class=\"has-medium-font-size\"><\/p>\n\n\n\n<details class=\"wp-block-details is-layout-flow wp-block-details-is-layout-flow\"><summary>N&rsquo;h\u00e9sitez pas \u00e0 prendre contact avec eux pour tout renseignement ou suggestion concernant le club: secretaire.tccb@gmail.com <\/summary>\n<p><\/p>\n<\/details>\n\n\n\n<p><\/p>\n","protected":false},"excerpt":{"rendered":"<p>Le Tennis Club du Cheval Blanc est une asbl administr\u00e9e par un organe d&rsquo;administration. Conform\u00e9ment aux statuts de l&rsquo;association, les administrateurs sont \u00e9lus par l&rsquo;Assembl\u00e9e G\u00e9n\u00e9rale pour une dur\u00e9e de 3 ans, renouvelable. L&rsquo;organe d&rsquo;administration ou \u00ab\u00a0Comit\u00e9\u00a0\u00bb est actuellement compos\u00e9 de 10 administrateurs qui se r\u00e9unissent au minimum une fois par mois pour g\u00e9rer toutes &hellip; <a href=\"https:\/\/www.tcchevalblanc.be\/?page_id=24\" class=\"more-link\">Continuer la lecture de <span class=\"screen-reader-text\">Le comit\u00e9<\/span>  <span class=\"meta-nav\">&rarr;<\/span><\/a><\/p>\n","protected":false},"author":2,"featured_media":0,"parent":0,"menu_order":0,"comment_status":"closed","ping_status":"open","template":"","meta":{"footnotes":""},"class_list":["post-24","page","type-page","status-publish","hentry"],"_links":{"self":[{"href":"https:\/\/www.tcchevalblanc.be\/index.php?rest_route=\/wp\/v2\/pages\/24","targetHints":{"allow":["GET"]}}],"collection":[{"href":"https:\/\/www.tcchevalblanc.be\/index.php?rest_route=\/wp\/v2\/pages"}],"about":[{"href":"https:\/\/www.tcchevalblanc.be\/index.php?rest_route=\/wp\/v2\/types\/page"}],"author":[{"embeddable":true,"href":"https:\/\/www.tcchevalblanc.be\/index.php?rest_route=\/wp\/v2\/users\/2"}],"replies":[{"embeddable":true,"href":"https:\/\/www.tcchevalblanc.be\/index.php?rest_route=%2Fwp%2Fv2%2Fcomments&post=24"}],"version-history":[{"count":56,"href":"https:\/\/www.tcchevalblanc.be\/index.php?rest_route=\/wp\/v2\/pages\/24\/revisions"}],"predecessor-version":[{"id":1962,"href":"https:\/\/www.tcchevalblanc.be\/index.php?rest_route=\/wp\/v2\/pages\/24\/revisions\/1962"}],"wp:attachment":[{"href":"https:\/\/www.tcchevalblanc.be\/index.php?rest_route=%2Fwp%2Fv2%2Fmedia&parent=24"}],"curies":[{"name":"wp","href":"https:\/\/api.w.org\/{rel}","templated":true}]}}