{"id":39,"date":"2014-05-20T13:11:07","date_gmt":"2014-05-20T12:11:07","guid":{"rendered":"http:\/\/www.tcchevalblanc.be?page_id=39"},"modified":"2022-08-15T12:13:57","modified_gmt":"2022-08-15T11:13:57","slug":"reglement-dordre-interieur","status":"publish","type":"page","link":"https:\/\/www.tcchevalblanc.be\/?page_id=39","title":{"rendered":"R\u00e8glement d&rsquo;ordre int\u00e9rieur"},"content":{"rendered":"<p><strong>INTRODUCTION<\/strong><\/p>\n<p>Ce r\u00e8glement vise \u00e0 garantir un usage optimum <span style=\"line-height: 1.5;\">des installations mises \u00e0 votre disposition et \u00e0 maintenir au sein du club une amicale <\/span><span style=\"line-height: 1.5;\">harmonie entre des membres ayant des \u00e2ges, des personnalit\u00e9s, des attentes et des habitudes <\/span><span style=\"line-height: 1.5;\">diff\u00e9rentes. <\/span><\/p>\n<p>Par votre adh\u00e9sion au club, vous vous engagez \u00e0 respecter ce r\u00e8glement et \u00e0 encourager les autres \u00e0 faire de m\u00eame.<\/p>\n<p><strong>DISPOSITIONS GENERALES<\/strong><\/p>\n<p>1. <em>ACC\u00c8S AU CLUB<\/em><\/p>\n<p>a) L\u2019acc\u00e8s aux installations est r\u00e9serv\u00e9 aux seuls membres en r\u00e8gle de cotisation, au(x) invit\u00e9(s) qui les accompagnent et aux sympathisants.<br \/>b) Fumer \u00e0 l\u2019int\u00e9rieur du club house n\u2019est pas autoris\u00e9 ; un espace fumeur est am\u00e9nag\u00e9 sur la terrasse.<br \/>c) Les animaux de compagnie ne seront pas heureux chez nous puisqu\u2019ils devront imp\u00e9rativement \u00eatre maintenus \u00e0 l\u2019ext\u00e9rieur du clubhouse et tenus en laisse courte.<\/p>\n<p>2. <em>COMPORTEMENTS<\/em><\/p>\n<p>a) Les exc\u00e8s de tous genres et les comportements perturbants ne seront pas admis et pourront entra\u00eener l\u2019expulsion imm\u00e9diate, temporaire ou d\u00e9finitive. De m\u00eame, les manifestations trop ostensibles de mauvaise humeur, d\u2019\u00e9nervement, de d\u00e9sappointement, notamment lorsqu\u2019elles se produisent sur les terrains pourront engendrer l\u2019invitation faite \u00e0 leur auteur de quitter le terrain, sans pr\u00e9judice d\u2019autres mesures prises.<\/p>\n<p>b) Le respect d\u2019autrui et de sa diff\u00e9rence est avant tout une r\u00e8gle de savoir-vivre que tout sportif se doit de cultiver, d\u2019appliquer pour lui-m\u00eame et d\u2019encourager chez les autres.<\/p>\n<p>3. <em>RESERVATION DES TERRAINS<\/em><\/p>\n<p><strong>Les membres en ordre de cotisation<\/strong>\u00a0peuvent r\u00e9server des terrains via\u00a0<a href=\"https:\/\/aft.iclub.be\/loginmembres.asp\">Mon club AFT<\/a>. Pour vous\u00a0<a href=\"http:\/\/www.tcchevalblanc.be\/?page_id=1413\">connecter<\/a>\u00a0\u00e0 cette application, votre profil utilisateur doit \u00eatre configur\u00e9. Si ce n\u2019est pas encore le cas, veuillez consulter notre page\u00a0<a href=\"http:\/\/www.tcchevalblanc.be\/?page_id=1435\">configurer un profil utilisateur<\/a>.<\/p>\n<p>Les terrains sont &#8211; sauf avis contraire &#8211; accessibles d\u00e8s 09 h00. Toutefois, en raison des travaux de pr\u00e9paration, la disponibilit\u00e9 de tous les terrains avant 10 h00 n\u2019est pas garantie.<\/p>\n<p>Un terrain r\u00e9serv\u00e9 qui n\u2019est pas occup\u00e9 par un des joueurs 10 \u2018 apr\u00e8s le d\u00e9but de l\u2019heure de r\u00e9servation est consid\u00e9r\u00e9 comme libre et pourra \u00eatre occup\u00e9 en pr\u00e9venant le bar.<\/p>\n<p>4. <em>INVITATION DE TIERS NON MEMBRES<\/em><\/p>\n<p>a) Un joueur B n\u00e9gatif, membre du club, peut inviter un autre joueur B appartenant \u00e0 un autre club.<br \/>Cette facult\u00e9 est limit\u00e9e \u00e0 1 terrain par tranche horaire<\/p>\n<p>b) un membre de l&rsquo;AFT, non membre du club, pourra, maximum 3 fois par saison, \u00eatre invit\u00e9 par un membre \u00e0 jouer avec lui. Il pr\u00e9viendra pr\u00e9alablement le bar et s\u2019acquittera du paiement d\u2019une somme de 5 \u20ac \u00e0 r\u00e9gler directement ou, si le bar est ferm\u00e9, \u00e0 payer dans les meilleurs d\u00e9lais.<br \/>Des exceptions sont possibles pour des non membres en bref s\u00e9jour ou en vacances ; elles sont \u00e0 demander \u00e0 un membre du Comit\u00e9 ou, \u00e0 d\u00e9faut, au bar<\/p>\n<p>5. <em>SANCTIONS ET COMPETENCES<\/em><br \/>Les diff\u00e9rentes mesures sanctionnant les comportements non respectueux du r\u00e8glement sont :<\/p>\n<p>1) L\u2019avertissement : il est en principe pr\u00e9alable \u00e0 toutes autres mesures sauf dans les cas vis\u00e9s au C,1,b ou l\u2019invitation \u00e0 quitter le terrain sera imm\u00e9diate<\/p>\n<p>2) l\u2019invitation \u00e0 quitter le terrain<\/p>\n<p>3) le retrait temporaire de l&rsquo;acc\u00e8s aux r\u00e9servations<\/p>\n<p>4) le retrait d\u00e9finitif de l&rsquo;acc\u00e8s aux r\u00e9servations<\/p>\n<p>5) l\u2019expulsion des installations<\/p>\n<p>6) l\u2019interdiction temporaire ou d\u00e9finitive d\u2019acc\u00e8s aux installations Sont comp\u00e9tents pour prendre les mesures ci-dessus :<br \/>&#8211; pour les mesures 1,2,3,5 : tout membre du comit\u00e9 et les g\u00e9rants<br \/>&#8211; les autres mesures feront l\u2019objet d\u2019une concertation du CA et sa d\u00e9cision sera notifi\u00e9e Les retraits, temporaires ou d\u00e9finitifs de carte , l\u2019interdiction temporaire ou d\u00e9finitive d\u2019acc\u00e8s n\u2019engendre pas la restitution de tout ou partie de la cotisation vers\u00e9e qui reste acquise au club.<\/p>\n\n\n<p><\/p>\n","protected":false},"excerpt":{"rendered":"<p>INTRODUCTION Ce r\u00e8glement vise \u00e0 garantir un usage optimum des installations mises \u00e0 votre disposition et \u00e0 maintenir au sein du club une amicale harmonie entre des membres ayant des \u00e2ges, des personnalit\u00e9s, des attentes et des habitudes diff\u00e9rentes. Par votre adh\u00e9sion au club, vous vous engagez \u00e0 respecter ce r\u00e8glement et \u00e0 encourager les &hellip; <a href=\"https:\/\/www.tcchevalblanc.be\/?page_id=39\" class=\"more-link\">Continuer la lecture de <span class=\"screen-reader-text\">R\u00e8glement d&rsquo;ordre int\u00e9rieur<\/span>  <span class=\"meta-nav\">&rarr;<\/span><\/a><\/p>\n","protected":false},"author":1,"featured_media":0,"parent":0,"menu_order":0,"comment_status":"closed","ping_status":"open","template":"","meta":{"footnotes":""},"class_list":["post-39","page","type-page","status-publish","hentry"],"_links":{"self":[{"href":"https:\/\/www.tcchevalblanc.be\/index.php?rest_route=\/wp\/v2\/pages\/39","targetHints":{"allow":["GET"]}}],"collection":[{"href":"https:\/\/www.tcchevalblanc.be\/index.php?rest_route=\/wp\/v2\/pages"}],"about":[{"href":"https:\/\/www.tcchevalblanc.be\/index.php?rest_route=\/wp\/v2\/types\/page"}],"author":[{"embeddable":true,"href":"https:\/\/www.tcchevalblanc.be\/index.php?rest_route=\/wp\/v2\/users\/1"}],"replies":[{"embeddable":true,"href":"https:\/\/www.tcchevalblanc.be\/index.php?rest_route=%2Fwp%2Fv2%2Fcomments&post=39"}],"version-history":[{"count":12,"href":"https:\/\/www.tcchevalblanc.be\/index.php?rest_route=\/wp\/v2\/pages\/39\/revisions"}],"predecessor-version":[{"id":1743,"href":"https:\/\/www.tcchevalblanc.be\/index.php?rest_route=\/wp\/v2\/pages\/39\/revisions\/1743"}],"wp:attachment":[{"href":"https:\/\/www.tcchevalblanc.be\/index.php?rest_route=%2Fwp%2Fv2%2Fmedia&parent=39"}],"curies":[{"name":"wp","href":"https:\/\/api.w.org\/{rel}","templated":true}]}}